3
What are the prime factors of 8*1041/(-9)*-9?
2, 3, 347
Let m(b) = 13*b**2 - 2*b + 22. Let w be m(-6). Suppose 0 = f - 2*j - 281, 0 = -2*f + 3*j + 60 + w. List the prime factors of f.
281
Suppose -7*t - 19 = 65. Let p(i) = i**2 + 13*i + 7. Let r be p(t). Let y(n) = 2*n**2 + n - 3. What are the prime factors of y(r)?
2, 3, 7
Let h be 0/(1 + -7) - 6. What are the prime factors of (-397)/(h/(-4)*(-22)/33)?
397
Let m(j) = -50*j + 18. Let y(g) = 29*g - 8. Let f(w) = 30*w - 9. Let p(c) = 4*f(c) - 3*y(c). Let a(o) = 5*m(o) + 8*p(o). What are the prime factors of a(6)?
2, 3, 13
Let k = 8855 + -308. List the prime factors of k.
3, 7, 11, 37
Let h = 23632 - 13636. What are the prime factors of h?
2, 3, 7, 17
Let b(j) = 12*j - 32. Let h be b(2). Let w(i) = -66*i + 160. What are the prime factors of w(h)?
2, 43
Let l(m) = m. Suppose 5*t - t = -q + 15, 3*q - 5*t = -23. Let u(s) = -6*s - 46. Let k(j) = q*u(j) - 2*l(j). List the prime factors of k(6).
2, 5, 7
Suppose -n - 6*n = -581. Let j = n - -41. List the prime factors of j.
2, 31
Suppose 50*d - 1502418 = -224218. List the prime factors of d.
2, 7, 11, 83
Let l(z) = -z**3 - 6*z**2 - 8*z - 11. Let n be l(-5). Suppose n*q - 287 - 1353 = 0. What are the prime factors of q?
2, 5, 41
Let z = -4747 - -7603. Suppose 768 = -4*o + z. What are the prime factors of o?
2, 3, 29
List the prime factors of 25/((-75)/(-12)) + 4720.
2, 1181
Let x = -5091 + 7808. List the prime factors of x.
11, 13, 19
Let l = 805 + -823. List the prime factors of -18*(l - -1) - (-1 + 7).
2, 3, 5
Let q(g) = 148*g + 585. List the prime factors of q(40).
5, 1301
Suppose -4*u - 7 = 5, -18 = -3*p + 4*u. List the prime factors of (1/(-3))/(8/(-24720)*p).
5, 103
Let h(r) = 388*r - 23. Let u be h(11). Suppose -9 - u = -3*p. What are the prime factors of p?
2, 709
Let u = 7716 - 4020. Suppose -10*v + u + 8274 = 0. What are the prime factors of v?
3, 7, 19
Suppose 0 = 3*t - 3*p - 96615, 4*t = -35*p + 28*p + 128820. List the prime factors of t.
3, 5, 19, 113
Let i be (-18 - -6)*(-8)/12. Suppose -o - 3 = -i. Suppose -o*z + 100 = -0*z. List the prime factors of z.
2, 5
Suppose 116*d - 115*d = 5*h + 16101, -3*d - 5*h + 48263 = 0. List the prime factors of d.
16091
Let v(b) = 2793*b**2 + 33*b - 63. What are the prime factors of v(2)?
3, 5, 149
Let w(p) = -p**2 + 15*p + 42. Let y be w(18). Let b be 3/(-1) - 28/y*3. Suppose 0 = -5*m - o + 270, m - b*o + 2 - 35 = 0. List the prime factors of m.
53
Suppose x - 3*x - 6 = p, -4*x - 22 = -3*p. Suppose n = d - 10, -4 + 8 = -p*d. List the prime factors of (-32)/2*(-4)/(n/(-45)).
2, 3, 5
Let b be 33/(-22)*8/6. What are the prime factors of (b - 1)/(-8 + (-65925)/(-8244))?
2, 229
Suppose 5*i + 2 - 10 = h, h - 3*i + 4 = 0. Let s = 841 + -506. Suppose -h*o - 3*t = -s, 3*o - 114 - 361 = t. List the prime factors of o.
2, 5
Let d(b) = 3*b**2 - 73*b + 27. Let u be d(24). Suppose 9*o - u*o - 3594 = 0. List the prime factors of o.
599
Suppose -3911 = -8*d + 3089. Let i = 207 - d. List the prime factors of i/6*(-9)/(-6)*-1.
167
Suppose 3*p + 168 + 135 = 0. Suppose 0 = -54*n + 9 - 279. Let w = n - p. List the prime factors of w.
2, 3
Let x be (-24)/(-48) + (-74)/(-4). Let v(q) = 10*q + 8 + q**3 + 0*q**3 + 2 - 5*q**2 + x*q**2. What are the prime factors of v(-5)?
5, 37
Let j = 55 - 38. Let f(a) = a + 4. Let g be f(j). What are the prime factors of -30*44/(-14) - 6/g?
2, 47
Suppose 2034*l + 19682 = 2047*l. List the prime factors of l.
2, 757
Suppose 4*w - 1529 + 4997 = 4*g, -4*w - 5*g = 3432. Let r = w - -1644. What are the prime factors of r?
11, 71
Suppose -4*z + 5*s + 6 = -z, -4*s - 4 = -2*z. Let n(p) = -53 - 10*p - 2*p**2 + p**z + 57. What are the prime factors of n(-9)?
13
Let h = -59 + 31. Let m be 5*9*h/(-60). Suppose -19*q - 136 = -m*q. What are the prime factors of q?
2, 17
Let b(j) = j**3 + 73*j**2 - 118*j - 549. What are the prime factors of b(-54)?
3, 6803
Let l(c) = 284*c**2 + 42*c - 21. Let r be l(-13). Suppose r = 26*n + 14123. List the prime factors of n.
3, 7, 61
Let k be 276/(-34) + (14 - (-3304)/(-238)). Let q(g) be the second derivative of g**4/3 + 5*g**3/2 - 11*g**2/2 + 2*g. List the prime factors of q(k).
5
Let q(k) = -k**2 - 34*k + 599. List the prime factors of q(-40).
359
Let r be 9/12 + 5997/(-12). Let w = r - -949. What are the prime factors of w?
2, 3, 5
Let n be (-10)/(-15) + (3 - 886/(-3)). Let z = n - 61. List the prime factors of z.
2, 7, 17
Let v be (24/(-18))/(4/(-6)). Suppose -b - v = -5. Suppose 162 = 4*d - 2*j, -d + j = b*d - 161. List the prime factors of d.
2, 5
Suppose -30446 = -5*v + 69*h - 68*h, -12172 = -2*v + 2*h. What are the prime factors of v?
2, 3, 5, 7, 29
Suppose -5*j - 2*v = -10468, -3*v - 2555 = -2*j + 1636. List the prime factors of j.
2, 3, 349
Let n(a) = 8*a + 39. Let r be n(5). Suppose -34 - r = -z. What are the prime factors of z?
113
Let q(b) = 2*b + 11. Let m be q(-7). Let t be 0 + 65 + (1 - -2)/m. What are the prime factors of 7 - 10 - (2 + -1 - t)?
2, 3, 5
Let w be -3*((-74)/30 - 2/10). Suppose 2*t - 4 = w. Suppose -t*x + 393 = -3*x. List the prime factors of x.
131
Let s = 69084 + -31648. List the prime factors of s.
2, 7, 191
Let h = -6593 - -14955. List the prime factors of h.
2, 37, 113
Suppose 5*o + 146 = -4*p, -p - 23*o + 22*o - 36 = 0. What are the prime factors of 17/p + (-453)/(-2) + 0?
2, 113
Suppose 5*v = -j + 2414 + 570, 2*v - 8 = 0. List the prime factors of j.
2, 3, 13, 19
Suppose -212 = 17*o - 18*o. Let l = -64 + o. List the prime factors of l.
2, 37
Let j = 106011 - 61883. What are the prime factors of j?
2, 7, 197
Let x(s) = 319*s**2 - 31*s - 8. Let n(w) = 318*w**2 - 31*w - 7. Let z(i) = 7*n(i) - 6*x(i). What are the prime factors of z(-2)?
7, 11, 17
Suppose 0 + 18 = 6*w. Suppose 213 = i - 4*k - 480, -k - 2101 = -w*i. List the prime factors of i.
701
Let j be (-3)/(2 - 1)*(-88)/66. Suppose -5*w = 3*n + 24, 3*w + j*n = -17 - 4. What are the prime factors of 98/1*1 + w + 3?
2, 7
Suppose -66 = 7*q + 60. Let f = -24 - q. What are the prime factors of 2/f - (-489)/9?
2, 3
Suppose 295577 = -62*t + 1220679. List the prime factors of t.
43, 347
Let r(w) = -11*w**2 - 9*w - 22. Let k(x) = -6*x**2 - 4*x - 12. Let z(s) = 5*k(s) - 3*r(s). List the prime factors of z(-10).
2, 59
Let k = 496 - 1735. Let t = k - -2285. What are the prime factors of t?
2, 523
Let b(p) be the third derivative of p**4/2 + 3*p**3 + 36*p**2. What are the prime factors of b(0)?
2, 3
Let c(z) = -z**3 + 12*z**2 - 10*z + 2. Let i be c(11). Suppose -5*k = -32 - i. Let s = 58 + k. List the prime factors of s.
67
Suppose 29*i + 478 = 30*i. What are the prime factors of i + ((-4)/(-7) - 70/(-49))?
2, 3, 5
Let s = 65 + -57. Suppose 10*i - s*i + 354 = 0. Let t = 310 + i. What are the prime factors of t?
7, 19
Let w(f) = -8040*f - 25421. What are the prime factors of w(-11)?
11, 17, 337
Let k be 2*5/(-10) - -144 - -3. Suppose 0 = -12*s + k + 5230. List the prime factors of s.
2, 7
Let w(r) = 371*r**2 - 182*r + 3. What are the prime factors of w(-7)?
2, 19
Suppose 5*k = -2*y - 23 + 32, -2*y = 4*k - 6. Let l(b) = 3*b + 0*b**2 - 2 - 4*b - 8*b**3 - 3*b**2. What are the prime factors of l(y)?
2, 5, 19
Let j = -6603 + 10490. Suppose -8*i + j = 847. What are the prime factors of i?
2, 5, 19
Suppose 229 = u + 3*s, -u + 201 = -0*u - 4*s. Suppose -u*x = -213*x - 1244. What are the prime factors of x?
311
Let o = -41 + 43. Let v be -1 - -2*(-5)/(-10). Suppose v = p - j - 85, 3*p + o*j - 260 = -0*j. What are the prime factors of p?
2, 43
Let d(p) = -p**2 - 6*p - 7. Suppose 4*o + 3 = 5*t - 2*t, 2*t = -6. Let y be d(o). Let l(c) = 30*c**3 - 2*c**2 - 2*c + 4. List the prime factors of l(y).
2, 29
List the prime factors of 15285/(-2)*(3000/45)/(-50).
2, 5, 1019
Let w(z) = 697*z - 786. What are the prime factors of w(9)?
3, 31, 59
Let p(r) = -9*r**3 - 9*r - 18. Let l be p(-8). Suppose 0 = -22*m + 4*m + l. What are the prime factors of m?
7, 37
Let s(f) = -5*f - 1. Let t(k) = -k + k + k + 0. Let q(n) = -2*s(n) - 22*t(n). What are the prime factors of q(-2)?
2, 13
Let y(q) = q**2 + 11*q + 29. Suppose 3*w + 140 = 7*w. Let s = w - 50. What are the prime factors of y(s)?
89
Let y(o) = o - 5. Let i be y(-5). Let u(v) = -6*v - 10. Let c(n) = 24*n + 41. Let a(j) = -4*c(j) - 15*u(j). List the prime factors of a(i)